t are the prime factors of m?
3
Let s(g) = g**3 + 3*g**2 + 2*g - 2. List the prime factors of s(3).
2, 29
List the prime factors of 68/119 - 748/(-14).
2, 3
Suppose -2*i + 4*q = -4, -q - 6 = -3*i + 3*q. Suppose -i*f + 99 = 2*f - 3*x, 4*x - 93 = -3*f. What are the prime factors of f?
3
Suppose 49 = 3*x - 0*x - 5*o, 0 = -4*x + 2*o + 42. What are the prime factors of 148/x - 6/4?
17
Let a(t) = -5*t + 2. Suppose 4*u - 7 = 3*u. Let f be 2/6 + u/(-3). List the prime factors of a(f).
2, 3
Let w(a) = a**3 - 2. Let u = -2 - -4. What are the prime factors of w(u)?
2, 3
Let r(c) = 9*c**2 - 4. List the prime factors of r(2).
2
Let l(n) = -n + 2. List the prime factors of l(-5).
7
Let i(l) = 7*l - 3. Let s be i(4). Suppose -5*b = j - s, 0 = -0*j - j - 5. List the prime factors of b.
2, 3
Let p(r) = -r**2 + 9*r - 6. Let y be p(8). Suppose -y - 7 = -3*a. What are the prime factors of a?
3
Let v = 5 - 3. Suppose -s + 5*g - 15 = 0, v*s + g = -2*s + 24. Suppose -3*r = 3*i - 36, -s*i - 11 = -2*r + 6. List the prime factors of r.
11
Let r(n) = -n**3 + 2*n**2 - 2*n + 1. Let m be r(1). Suppose 2*b - 6*b = m. Let j = 3 - b. List the prime factors of j.
3
Suppose 3*b = 0, 0*y = 4*y + 4*b - 8. Suppose p + 2 = y*p, -2*p - 53 = -3*k. What are the prime factors of k?
19
Suppose 0*t - 3*t = -5*x + 124, 5*t - 62 = -2*x. List the prime factors of x.
2, 13
Let p be (2/4)/((-1)/(-8)). What are the prime factors of 8/6*30/p?
2, 5
Suppose g = -g - 12. Let w = 22 - g. List the prime factors of w.
2, 7
Let a(c) = -6*c**3 - 3*c**2 - 9. Let n(s) = -9*s**3 - 4*s**2 - 13. Let q(m) = -7*a(m) + 5*n(m). List the prime factors of q(-2).
2, 13
Let x = -31 + 75. Suppose -5*o - 3*g = -0*g - 58, 2*o = 4*g + x. List the prime factors of o.
2, 7
Suppose 0 = -u + 4*h + 60, -u + 5*h = 2*u - 152. List the prime factors of u.
2, 11
Suppose i = 0, -4*x + 0 = 2*i - 8. Suppose x*d = 10 - 2. Suppose 2*q = -8, 2*b + d*q = -6 - 2. List the prime factors of b.
2
Suppose -d + 2*g + 64 = 0, g = -d - 0*d + 58. What are the prime factors of d?
2, 3, 5
Let m(h) = h**3 + 4*h**2 - 5*h + 3. Let l be m(-5). Suppose -l*w + 14 = 2. List the prime factors of w.
2
Let m(p) be the first derivative of p**4/4 - 4*p**3/3 + 3*p**2/2 + 2*p + 7. Suppose 0 = -4*c + 14 - 2. What are the prime factors of m(c)?
2
Let h be 21 - (3 - (1 - 1)). Let y be (-1580)/h - 2/9. What are the prime factors of (y/12)/(2/(-3))?
11
Suppose -4*g = -196 - 400. What are the prime factors of g?
149
List the prime factors of -1 + 17 - (-1)/1.
17
Suppose -133 = 7*b - 903. What are the prime factors of b?
2, 5, 11
Let u = 8 - -4. What are the prime factors of (8/u)/((-1)/(-57))?
2, 19
Let s(t) = t**2 + t. Suppose -2*y = -4*n + 88, -2*n + 8*y + 32 = 4*y. Let u be 2/(-3) - n/(-9). What are the prime factors of s(u)?
2, 3
Let l be ((-8)/20)/(1/15). Let x = 10 + l. List the prime factors of x.
2
Suppose 286 = -0*s - 2*s. Let i = -99 - s. Suppose -4*c + 0*c = -i. List the prime factors of c.
11
What are the prime factors of -6*(3 + 126/(-12))?
3, 5
Let o(p) = p**2 + 8*p + 9. Let c be o(-8). What are the prime factors of 3*1 + (c - -7)?
19
Let c be 142/7 + 6/(-21). Suppose 7*l - c = 3*l + o, -4*o = 4*l. List the prime factors of l.
2
Let l(y) = -y**3 - 15*y**2 - 39*y - 2. List the prime factors of l(-13).
167
Suppose 2*u - s = -0*s - 49, 0 = 2*u + 4*s + 34. What are the prime factors of (u/(-4))/((-2)/(-8))?
23
What are the prime factors of (-1)/(5/885*-3)?
59
List the prime factors of -1 - ((-3 - 67) + -1).
2, 5, 7
List the prime factors of 45/(-10)*(-80)/3.
2, 3, 5
What are the prime factors of ((-2)/4)/(19/(-2508))?
2, 3, 11
Suppose 0 = m - 6. Suppose m = i + 5. What are the prime factors of (-7 - (i - 3))*-3?
3, 5
Suppose -2*j - 1375 = -5*o - 562, -3*o = -j - 488. What are the prime factors of o?
163
Let v = -107 + 271. What are the prime factors of v?
2, 41
What are the prime factors of (1/(-3))/((-4)/132)?
11
Suppose 0*f - 2 = 2*f. What are the prime factors of f/((-2 + 0)/24)?
2, 3
Suppose i = 41 + 27. Suppose -i = -4*z + 2*c + 20, 5*c = 0. What are the prime factors of z?
2, 11
Let d = 47 - 15. Let l be 0/2 + 1 - -2. Suppose 0 = 4*h + 4*r + r - d, -5*h + l*r = -40. List the prime factors of h.
2
Let j(q) = q**2 + 1. Let p(w) = -3*w**2 + 2*w + 1. Let f(s) = -2*j(s) - p(s). Suppose 0 = u + 2*k + 5, 0 = -2*u - 5*k + 3*k. What are the prime factors of f(u)?
2, 3
Suppose a = -5*g - 23, -3*a = -2*g - 25 + 9. What are the prime factors of a?
2
Let g = 31 + 28. Let f = -27 + g. Suppose 4*q - 2*y - f = 0, 3*q - 5*y = -2*y + 21. What are the prime factors of q?
3
Let r = -34 + 77. Suppose 5*w - r = -2*a, 5*a = -0*a - 3*w + 60. What are the prime factors of a?
3
Suppose 0*i + 3*i = 0. Let y be (1 - 1) + -12 + i. Let u = -2 - y. What are the prime factors of u?
2, 5
Suppose -d + 2*t - 18 = 0, -7*d - 145 = -2*d + t. Let p = d + 49. List the prime factors of p.
3, 7
Suppose -88 = -4*v + 2*w, -2*w = 2 + 6. Suppose v = 5*c - n, -22 = c + n + 4*n. What are the prime factors of 2/c*21 + -2?
2, 3
Suppose p + 7 = 2*h - 2, 28 = 5*h + 3*p. What are the prime factors of (2 - (h - 2)) + 26?
5
Let f(c) = -c**2 - 3*c + 120. What are the prime factors of f(0)?
2, 3, 5
Suppose 2*s + 10 = 4*s. Suppose -5*d + 2*g = -19 - 77, -s*g = -5*d + 105. List the prime factors of d.
2, 3
Let z = -238 + 137. Let u = z - -143. List the prime factors of u.
2, 3, 7
Suppose 0 = h + 3, 5*u + 3*h + h - 168 = 0. Let f = -20 + u. List the prime factors of f.
2
Let n(j) = -j**3 + 2*j - 1. Let q be n(-2). Suppose 0*y = q*y - 45. Suppose 6*t - 3*t - y = 0. What are the prime factors of t?
5
Suppose -15 = 5*i - 8*i. Suppose i*b = 4*o - 45, -3*o + 0*o = -4*b - 34. List the prime factors of o.
2, 5
Let c = 8 + -5. Suppose -c*h + 60 = 2*h. List the prime factors of h.
2, 3
Suppose -4*o + 76 = -j - 24, 2*o - 5*j = 68. List the prime factors of o.
2, 3
Let i = 18 - 9. List the prime factors of ((-11)/(-2))/(i/18).
11
Let v = 2 - -6. Let u(g) = 3*g**3 - 11*g**2 + 6*g + 2. Let m(b) = 4*b**3 - 12*b**2 + 6*b + 2. Let s(w) = 2*m(w) - 3*u(w). List the prime factors of s(v).
2, 7
Let c(r) = -r**3 - 7*r**2 - 7*r - 3. Let q be c(-6). Suppose -2*j = 3*g + 2, g - 2*j = -3*j - 1. Let f = q - g. List the prime factors of f.
3
Let s(y) = -y**2 - 2*y - 1. Let f be s(-4). Let b be 14/6 + 3/f. Suppose 0 = -b*i - i + 6. What are the prime factors of i?
2
Let y(x) = x**3 + 12*x**2 + 12*x + 12. Let k be y(-10). Suppose -2*j + k = 2*j. List the prime factors of j.
23
Let k(r) = r**2 - 10*r + 10. List the prime factors of k(12).
2, 17
Let b be 1/(2/(12*1)). Suppose 0 = 7*o - 2*o - 160. What are the prime factors of 2/b + o/3?
11
Suppose y - 2*s - 12 = 0, -2*s - 44 = -0*y - 3*y. Let k = y + -9. Suppose 5*w - 3 - k = 0. What are the prime factors of w?
2
Suppose -2*s - 1 + 5 = 0. List the prime factors of 10/s*18/5.
2, 3
Let o = -18 - -16. List the prime factors of (o/(-5))/(4/280).
2, 7
Let f = -51 + 102. Suppose -2*d + 5*d - f = 0. What are the prime factors of d?
17
Suppose 2*i + i = 351. List the prime factors of i.
3, 13
Suppose 0 = z + 2*z - 45. Let r be (4/(-6))/((-2)/z). Suppose -3*u = -r*u + 12. What are the prime factors of u?
2, 3
Let j = -5 + -2. Let i be (1 - -1)/(5/35). Let b = j + i. What are the prime factors of b?
7
Suppose h = 39 - 7. List the prime factors of h.
2
Let l be (-9 + 1)*(-18)/(-4). List the prime factors of ((-1)/2)/(2/l).
3
Let k(l) = -l + 3. Let m(x) = 2*x - 7. Let u be m(6). Let g be k(u). What are the prime factors of g/3 + 32/3?
2, 5
Let g(p) = -p**3 - 6*p**2 + 7*p + 10. Let u = -17 + 10. What are the prime factors of g(u)?
2, 5
Let d(q) = -q**2 + 5*q - 6. Let c be d(5). Let m be 1*2 + c/(-6). Let j = m + -1. List the prime factors of j.
2
Let j be ((-40)/(-12))/(2/3). Suppose 5 = v + 3*p - p, -p = j*v - 7. Let s = v - -4. What are the prime factors of s?
5
Let v(y) = 0 + 3 - 2*y - 7. What are the prime factors of v(-4)?
2
Let v be 0 - (0/3)/2. Let l(u) = -u**3 + 2. Let r be l(v). List the prime factors of r/6 - 150/(-9).
17
List the prime factors of 0 + 10*5/2.
5
Suppose 2*o + 2*o - 4*l = 124, -2*l = 3*o - 83. What are the prime factors of o?
29
Let u(l) = 2*l**3 + 2*l**2 - l + 1. Let g be u(-2). Let o = 5 - g. Suppose 3*d - d = o. List the prime factors of d.
5
Suppose -3*z + 2*q - 4*q =